
Suppose 0 = 5*o - o - 196. List the prime factors of o.
7
Suppose -1 = n + 4, 0 = 2*w + 5*n - 9. Let f be (2 + -8)/((-2)/w). Suppose -f = -4*i - 3. List the prime factors of i.
2, 3
Suppose -2*a = -c + 99, 4*c = -0*c - 5*a + 370. What are the prime factors of c?
5, 19
Let c = -13 - -10. Suppose 0*v + 5*v + 90 = 0. What are the prime factors of v*(10/(-3) - c)?
2, 3
Let f be 6/(-2) - 23*-1. Suppose -p + 0*p = q - 1, 4*p + 12 = 0. List the prime factors of (f/6)/(q/6).
5
Let m(f) = -f**3 + 16*f**2 + 14*f - 4. What are the prime factors of m(16)?
2, 5, 11
Let b = 66 + 38. What are the prime factors of b?
2, 13
Suppose p + 16 = -p. Let w be 50/(-3)*(-24)/20. Let d = w + p. What are the prime factors of d?
2, 3
Let c(f) = f**3 - 8*f**2 - 2*f. Let y be c(9). Let d = y + -36. What are the prime factors of d?
3
Let b = -4 - -5. Let g be (-52)/(-9) + 10/45. What are the prime factors of g/b - (-5)/5?
7
Suppose -30 = -4*f - 222. What are the prime factors of 32/f - (-142)/6?
23
Suppose -3*h + 13 = -47. What are the prime factors of h?
2, 5
Let h = 17 - 6. Let a = h + -4. List the prime factors of a.
7
Let d = 12 - 47. List the prime factors of (-8 - -4) + 2 - d.
3, 11
Let d = 59 + -56. List the prime factors of d.
3
Suppose 87 = l - 0*q - q, 0 = 4*l + 2*q - 360. What are the prime factors of l?
89
Suppose -4*t - 5 = -45. Let c be (-4)/((-8)/t) + 1. Suppose -c = 4*r - 6*r. List the prime factors of r.
3
Let p(o) be the first derivative of 2*o**3 - 3*o**2/2 + 2. What are the prime factors of p(2)?
2, 3
What are the prime factors of 684/8 - (-10)/4?
2, 11
Let v = -54 + 95. List the prime factors of v.
41
Suppose 28 = -a - 5*x, 0*a - 48 = 5*a + 2*x. Let m be (a/3 + 2)*3. Let z = 4 + m. What are the prime factors of z?
2
Let d(s) = -5*s - 1. Let u(x) = -x**2 + 2*x + 2. Let h be u(3). What are the prime factors of d(h)?
2
Suppose -2*x - 2*x = 0. Let n be (x + 1)/(2/8). Suppose 5*s + 2*p = -p + 81, 3*p = -n*s + 66. List the prime factors of s.
3, 5
Let h be 3 + (-3)/((-9)/3). Suppose h*v - 6 = 10. Suppose p - v = -s, 15 + 1 = 2*s - 2*p. What are the prime factors of s?
2, 3
Let j(i) be the third derivative of i**5/40 + i**4/12 + i**3/2 + 3*i**2. Let z(l) be the first derivative of j(l). What are the prime factors of z(2)?
2
Suppose -x + 2*r = -3*x + 312, 0 = -5*x - 2*r + 789. What are the prime factors of x?
3, 53
Let c(x) = -5*x + 1. Let r be c(-1). Suppose 68 = -2*h + r*h. What are the prime factors of h?
17
Let h(x) = x**2 - 5*x - 22. What are the prime factors of h(12)?
2, 31
List the prime factors of 97/2 + 3/2.
2, 5
What are the prime factors of (-1332)/(-48) - (-3)/(-4)?
3
Suppose -2*i = u - 0*u - 19, 4*u + 4*i - 68 = 0. Let c = u - 5. What are the prime factors of c?
2, 5
Let w(p) = 2*p**2 - 8*p - 9. Let l = -5 + 12. List the prime factors of w(l).
3, 11
Let x(t) = t**2 + t - 4. Let r be x(-3). Suppose 0 = r*z + 3*z - 20. List the prime factors of z.
2
Let v = 70 - 105. Let t = v - -62. What are the prime factors of t?
3
Suppose -496 = -4*x - 4*s + 2*s, 5*x - 4*s - 633 = 0. List the prime factors of x.
5
Let n be 3*(7/3 - 1). Suppose -5*z + 4*a = -0*z - 70, -4*z - n*a + 20 = 0. Suppose 0 = 5*g + 15, 5*g = 3*d - z - 17. List the prime factors of d.
2
Let w = 20 - 2. What are the prime factors of (-4)/18 - (-184)/w?
2, 5
Suppose -5*u = -0*u + 3*t + 27, 2*t = -5*u - 28. Let p = u - -11. List the prime factors of p.
5
Let q(l) = l**3 + 9*l**2 + 6*l - 8. Let r(z) = -z**3 + 6*z**2 + 7*z - 8. Let g be r(7). List the prime factors of q(g).
2
Let v(t) = -6*t. What are the prime factors of v(-3)?
2, 3
Let y(c) = -c**2 + 7*c - 7. Let q be y(5). Let w = 39 - q. List the prime factors of w.
2, 3
List the prime factors of 1998/63 + 4/14.
2
Suppose s - 2 = -2*z - s, s = 0. Suppose -d = -3*y + z, -6*y + 2*d - 4 = -3*y. List the prime factors of y/(-7) + 316/28.
11
Let k be 24*30/8*1. Suppose -7*a + 4*a + k = 0. What are the prime factors of a?
2, 3, 5
Suppose 5*g = 3*m + 55, 2*g - 13 - 8 = m. Suppose -2*u - g = -24. What are the prime factors of u?
2
Let z(p) = 4 - 1 + 0*p**2 - 6*p + p**2. Let q be z(5). What are the prime factors of 4*1/2 - q?
2
Let g be 3 + (-1 - -2)/1. Suppose -2*s + s + 16 = o, 42 = 3*s - 3*o. Suppose g*u - 51 + s = 0. What are the prime factors of u?
3
Suppose 0 + 20 = 5*m. Suppose -2*v = -m*v + 62. What are the prime factors of v?
31
Let l(z) = z**2 - 12. List the prime factors of l(-9).
3, 23
Let o(p) = 3*p**2 - 4*p + 2. Let t be o(2). Let y be (-25)/2 - (-3)/t. What are the prime factors of (3/(-6))/(1/y)?
2, 3
Suppose 3*t = -5*n + 2*t + 877, 2*n + 4*t = 340. List the prime factors of n.
2, 11
Suppose -2*v = -3*z - 19, 2*z + 1 = -5*v + 20. Suppose -2*c + 14 = 3*d - 8, 3*c - 33 = -v*d. Let x = -5 + c. What are the prime factors of x?
2, 3
Let l be (-38)/2 + 2/(-1). Suppose 4*m + 0*m = -44. Let f = m - l. List the prime factors of f.
2, 5
Suppose 2*b + 8 - 34 = 0. List the prime factors of b.
13
Suppose 2*o = 2*j - 778, -5*j - 2*o - o + 1945 = 0. Let i = -565 + j. What are the prime factors of i/(-10) - 4/(-10)?
2, 3
Suppose 4*w - 6 = 2*w. Let z(t) = t - 7. Let y be z(w). List the prime factors of ((-6)/y)/((-6)/(-8)).
2
Suppose 10 = 2*z + 4*h, -z - 1 = 3*h - 2. Suppose 0*g + 3*g + 3 = 0. Let n = z - g. What are the prime factors of n?
2, 7
Let f be (-7)/(-3)*(12 + -3). Suppose 5*b - f - 4 = 0. List the prime factors of b.
5
Suppose 5*g - 7*g - 2*k + 114 = 0, -4*g = -k - 253. List the prime factors of g.
2, 31
Let c(p) = p**3 - 3*p**2 - 3*p + 1. Let a be c(4). Suppose -22 = -g - a*f, 1 = 2*f - 9. Let l(r) = -r**3 - 2*r**2 - 3. What are the prime factors of l(g)?
2, 3
Let v = 33 - -231. List the prime factors of v.
2, 3, 11
Suppose -3*y - 2*f - 11 = 2*f, 0 = -5*y + 3*f + 30. What are the prime factors of y?
3
Let j(s) = -1. Let c(h) = -h**3 - 4*h**2 - 4*h - 7. Let l(i) = c(i) - 3*j(i). Let b(k) = -k**2 + k + 2. Let d be b(-2). List the prime factors of l(d).
2, 3
Let x = 5 + -4. Let j be (0/x)/(1/(-1)). What are the prime factors of 1 + -1*(-2 - j)?
3
Suppose -2*j - 12 = -6*j. Suppose -j*c + 18 + 16 = -2*v, -4*v + 30 = c. List the prime factors of c.
2, 7
What are the prime factors of (-1 - (-454)/(-6))*372/(-310)?
2, 23
Suppose -3*w - 36 = 5*b + w, -b + w = 0. Let z(j) = j**3 + 4*j**2 - 7*j + 1. What are the prime factors of z(b)?
29
List the prime factors of -3 + (-656)/(-3) + 5/15.
2, 3
Let t(d) = -d**2 + 6*d + 4. Let m be t(5). Let b = 1 + m. Suppose -3*p + 2*r + 0*r + b = 0, -r = 2*p - 9. List the prime factors of p.
2
Suppose -80 = 4*a + a. What are the prime factors of 9/((-6)/a*2)?
2, 3
Let h(c) = 63*c**2 + 1. List the prime factors of h(1).
2
Suppose -7*v + 5*v = -44. Let g = v - 15. What are the prime factors of g?
7
Let s = 65 + -39. List the prime factors of s.
2, 13
Let n(v) = -v**2 - v + 4. Let q be n(-3). What are the prime factors of (-43)/q - 2/(-4)?
2, 11
Let i be 3/(0 - 6/(-4)). List the prime factors of (-57)/i*12/(-18).
19
Let m(c) = c**2 + 23*c - 23. List the prime factors of m(-29).
151
Suppose -8*p = -12*p + 24. Suppose -33 = p*w - 8*w + 5*d, -4*d + 38 = 3*w. What are the prime factors of w?
2, 7
Let h(k) = -2*k + k**3 - 5*k - 4 - 4*k**2 - 3*k**2. Let x be h(8). Suppose 2*q - x = q. What are the prime factors of q?
2
Suppose 0 = 4*o - 0*o - 20. What are the prime factors of (-17)/(-2) - o/10?
2
Let r = -3 + 4. Let z be r/(-3) + 13/3. Suppose -z*a + 14 - 6 = 0. What are the prime factors of a?
2
Let k = 32 - 18. Suppose -2*a + 10 + 14 = -2*r, 2*a + 3*r - k = 0. What are the prime factors of a?
2, 5
Let q be (-24)/(-5) + 1/5. Suppose -q = 2*x - 9. List the prime factors of (28 + -2)*1/x.
13
Suppose 0 = -y - 4*l - 6 + 25, 4*l - 22 = -2*y. Let f(c) = 9*c - 5. List the prime factors of f(y).
2, 11
Suppose -o - v + 4 = 0, 4*o = 2*v + 4 + 6. Suppose 5*t = m - 27, 0*m - 5*m = o*t + 5. What are the prime factors of m?
2
Let p(d) = d - 3. Let l be (0 - 2)/((-3)/6). Suppose -l*q = 2*o - 20, -3*o = 4*q - 10 - 16. What are the prime factors of p(o)?
3
Let a be 12/(-18) + (-17)/(-3). Let n(r) = -r**3 + 6*r**2 - 4*r + 4. What are the prime factors of n(a)?
3
Suppose -c = b - 20, -2*c - b + 42 = -0*b. Suppose c = 2*v - 2*x, v + v + 4*x = 16. List the prime factors of v.
2, 5
Let k(p) be the second derivative of p**5/20 - p**4/3 - 5*